{"id":626,"date":"2025-10-03T07:48:15","date_gmt":"2025-10-03T07:48:15","guid":{"rendered":"https:\/\/aegnunes.pt\/?page_id=626"},"modified":"2025-10-13T19:06:34","modified_gmt":"2025-10-13T19:06:34","slug":"erasmus","status":"publish","type":"page","link":"https:\/\/aegnunes.pt\/?page_id=626","title":{"rendered":"Erasmus"},"content":{"rendered":"\t\t<div data-elementor-type=\"wp-page\" data-elementor-id=\"626\" class=\"elementor elementor-626\" data-elementor-post-type=\"page\">\n\t\t\t\t<div class=\"elementor-element elementor-element-7caaf3b e-flex e-con-boxed e-con e-parent\" data-id=\"7caaf3b\" data-element_type=\"container\">\n\t\t\t\t\t<div class=\"e-con-inner\">\n\t\t\t\t<div class=\"elementor-element elementor-element-06aefca elementor-widget elementor-widget-heading\" data-id=\"06aefca\" data-element_type=\"widget\" data-widget_type=\"heading.default\">\n\t\t\t\t\t<h2 class=\"elementor-heading-title elementor-size-default\">Erasmus<\/h2>\t\t\t\t<\/div>\n\t\t\t\t<div class=\"elementor-element elementor-element-90ec15b elementor-widget elementor-widget-spacer\" data-id=\"90ec15b\" data-element_type=\"widget\" data-widget_type=\"spacer.default\">\n\t\t\t\t\t\t\t<div class=\"elementor-spacer\">\n\t\t\t<div class=\"elementor-spacer-inner\"><\/div>\n\t\t<\/div>\n\t\t\t\t\t\t<\/div>\n\t\t<div class=\"elementor-element elementor-element-603deca e-grid e-con-full e-con e-child\" data-id=\"603deca\" data-element_type=\"container\" data-settings=\"{&quot;background_background&quot;:&quot;gradient&quot;}\">\n\t\t\t\t<div class=\"elementor-element elementor-element-bd0b59e elementor-widget elementor-widget-image\" data-id=\"bd0b59e\" data-element_type=\"widget\" data-widget_type=\"image.default\">\n\t\t\t\t\t\t\t\t\t\t\t\t\t\t\t<img decoding=\"async\" src=\"https:\/\/aegnunes.pt\/wp-content\/uploads\/2025\/10\/ERASMUS.jpg\" title=\"ERASMUS\" alt=\"ERASMUS\" loading=\"lazy\" \/>\t\t\t\t\t\t\t\t\t\t\t\t\t\t\t<\/div>\n\t\t\t\t<\/div>\n\t\t\t\t<div class=\"elementor-element elementor-element-6ba7d0e elementor-widget-divider--view-line elementor-widget elementor-widget-divider\" data-id=\"6ba7d0e\" data-element_type=\"widget\" data-widget_type=\"divider.default\">\n\t\t\t\t\t\t\t<div class=\"elementor-divider\">\n\t\t\t<span class=\"elementor-divider-separator\">\n\t\t\t\t\t\t<\/span>\n\t\t<\/div>\n\t\t\t\t\t\t<\/div>\n\t\t\t\t\t<\/div>\n\t\t\t\t<\/div>\n\t\t<div class=\"elementor-element elementor-element-e9dd8a7 e-grid e-con-boxed e-con e-parent\" data-id=\"e9dd8a7\" data-element_type=\"container\" data-settings=\"{&quot;shape_divider_top&quot;:&quot;opacity-tilt&quot;}\">\n\t\t\t\t\t<div class=\"e-con-inner\">\n\t\t\t\t<div class=\"elementor-shape elementor-shape-top\" aria-hidden=\"true\" data-negative=\"false\">\n\t\t\t<svg xmlns=\"http:\/\/www.w3.org\/2000\/svg\" viewBox=\"0 0 2600 131.1\" preserveAspectRatio=\"none\">\n\t<path class=\"elementor-shape-fill\" d=\"M0 0L2600 0 2600 69.1 0 0z\"\/>\n\t<path class=\"elementor-shape-fill\" style=\"opacity:0.5\" d=\"M0 0L2600 0 2600 69.1 0 69.1z\"\/>\n\t<path class=\"elementor-shape-fill\" style=\"opacity:0.25\" d=\"M2600 0L0 0 0 130.1 2600 69.1z\"\/>\n<\/svg>\t\t<\/div>\n\t\t\t\t<div class=\"elementor-element elementor-element-0110a3c elementor-widget elementor-widget-image\" data-id=\"0110a3c\" data-element_type=\"widget\" data-widget_type=\"image.default\">\n\t\t\t\t\t\t\t\t\t\t\t\t\t\t\t<img decoding=\"async\" width=\"102\" height=\"92\" src=\"https:\/\/aegnunes.pt\/wp-content\/uploads\/2025\/09\/Logo.avif\" class=\"attachment-thumbnail size-thumbnail wp-image-11\" alt=\"\" \/>\t\t\t\t\t\t\t\t\t\t\t\t\t\t\t<\/div>\n\t\t\t\t<div class=\"elementor-element elementor-element-d92703b elementor-widget elementor-widget-text-editor\" data-id=\"d92703b\" data-element_type=\"widget\" data-widget_type=\"text-editor.default\">\n\t\t\t\t\t\t\t\t\t<p style=\"text-align: center;\"><strong><span style=\"color: #000000;\">Agrupamento de Escolas Gon\u00e7alo Nunes<\/span><\/strong><\/p>\t\t\t\t\t\t\t\t<\/div>\n\t\t\t\t<div class=\"elementor-element elementor-element-0a5081b elementor-widget elementor-widget-image\" data-id=\"0a5081b\" data-element_type=\"widget\" data-widget_type=\"image.default\">\n\t\t\t\t\t\t\t\t\t\t\t\t\t\t\t<img decoding=\"async\" width=\"299\" height=\"91\" src=\"https:\/\/aegnunes.pt\/wp-content\/uploads\/2025\/10\/erasmus-.jpg\" class=\"attachment-large size-large wp-image-640\" alt=\"\" \/>\t\t\t\t\t\t\t\t\t\t\t\t\t\t\t<\/div>\n\t\t\t\t\t<\/div>\n\t\t\t\t<\/div>\n\t\t<div class=\"elementor-element elementor-element-5d6b426 e-flex e-con-boxed e-con e-parent\" data-id=\"5d6b426\" data-element_type=\"container\" data-settings=\"{&quot;background_background&quot;:&quot;gradient&quot;}\">\n\t\t\t\t\t<div class=\"e-con-inner\">\n\t\t\t\t<div class=\"elementor-element elementor-element-b1c2032 elementor-widget-divider--view-line elementor-widget elementor-widget-divider\" data-id=\"b1c2032\" data-element_type=\"widget\" data-widget_type=\"divider.default\">\n\t\t\t\t\t\t\t<div class=\"elementor-divider\">\n\t\t\t<span class=\"elementor-divider-separator\">\n\t\t\t\t\t\t<\/span>\n\t\t<\/div>\n\t\t\t\t\t\t<\/div>\n\t\t<div class=\"elementor-element elementor-element-0e3374f e-con-full e-flex e-con e-child\" data-id=\"0e3374f\" data-element_type=\"container\" data-settings=\"{&quot;shape_divider_top&quot;:&quot;opacity-tilt&quot;}\">\n\t\t\t\t<div class=\"elementor-shape elementor-shape-top\" aria-hidden=\"true\" data-negative=\"false\">\n\t\t\t<svg xmlns=\"http:\/\/www.w3.org\/2000\/svg\" viewBox=\"0 0 2600 131.1\" preserveAspectRatio=\"none\">\n\t<path class=\"elementor-shape-fill\" d=\"M0 0L2600 0 2600 69.1 0 0z\"\/>\n\t<path class=\"elementor-shape-fill\" style=\"opacity:0.5\" d=\"M0 0L2600 0 2600 69.1 0 69.1z\"\/>\n\t<path class=\"elementor-shape-fill\" style=\"opacity:0.25\" d=\"M2600 0L0 0 0 130.1 2600 69.1z\"\/>\n<\/svg>\t\t<\/div>\n\t\t\t\t<div class=\"elementor-element elementor-element-6d6dda3 elementor-widget elementor-widget-text-editor\" data-id=\"6d6dda3\" data-element_type=\"widget\" data-widget_type=\"text-editor.default\">\n\t\t\t\t\t\t\t\t\t<p style=\"text-align: left;\"><span style=\"color: #000000;\"><strong><em>O que \u00e9 o ERASMUS+?<\/em><\/strong><\/span><\/p><p><span style=\"color: #000000;\">O Erasmus + \u00e9 um programa da Comiss\u00e3o Europeia nos dom\u00ednios da Educa\u00e7\u00e3o, Forma\u00e7\u00e3o, Juventude e Desporto.<\/span><\/p><p><span style=\"color: #000000;\"><strong><em>Objetivos do ERASMUS+<\/em><\/strong><\/span><\/p><ul><li><span style=\"color: #000000;\">Estabelecer parcerias estrat\u00e9gicas para o interc\u00e2mbio de boas pr\u00e1ticas, desenvolvendo e refor\u00e7ando as redes, a sua capacidade de operar a n\u00edvel transnacional, a partilha e o confronto de ideias, pr\u00e1ticas e m\u00e9todos.<\/span><\/li><li><span style=\"color: #000000;\">Promover a aquisi\u00e7\u00e3o de compet\u00eancias com recurso a m\u00e9todos de ensino e de avalia\u00e7\u00e3o eficazes e inovadores, promovendo a educa\u00e7\u00e3o sobre o empreendedorismo, o pensamento cr\u00edtico, a aprendizagem das l\u00ednguas, adotando uma abordagem hol\u00edstica do ensino.<\/span><\/li><li><span style=\"color: #000000;\">Promover a mobilidade dos aprendentes e docentes e a coopera\u00e7\u00e3o com parceiros da UE.<\/span><\/li><li><span style=\"color: #000000;\">Apoiar e proporcionar a inclus\u00e3o de alunos com menos oportunidades atrav\u00e9s da participa\u00e7\u00e3o em projetos europeus.<\/span><\/li><li><span style=\"color: #000000;\">Promover a imagem de uma escola do 1.\u00ba Ciclo e o seu posicionamento na comunidade local.<\/span><\/li><\/ul><p><span style=\"color: #000000;\"><strong><em>ERASMUS+ e o Projeto Educativo do AEGN<\/em><\/strong><\/span><\/p><p><span style=\"color: #000000;\">O Projeto Educativo do AEGN considera que a forma\u00e7\u00e3o dos seus alunos n\u00e3o se deve restringir apenas aos programas curriculares, sendo primordial a sua forma\u00e7\u00e3o integral que passa pelo exerc\u00edcio da sua cidadania a um n\u00edvel mais abrangente, em contextos de ensino n\u00e3o formal, proporcionando-lhes a participa\u00e7\u00e3o no seio de uma sociedade multicultural e transnacional, para desenvolverem as suas compet\u00eancias lingu\u00edsticas, interpessoais, culturais e de empreendedorismo, a fim de se tornarem cidad\u00e3os europeus ativos.<\/span><\/p><p><span style=\"color: #000000;\">Para levar a cabo t\u00e3o importante miss\u00e3o, definiu o AEGN como tema aglutinador \u201cIdeias em ac\u00e7\u00e3o: ao servi\u00e7o da Literacia, Cidadania e Empreendedorismo\u201d, privilegiando as \u00e1reas da cidadania ativa e da multiculturalidade, sendo este um \u00f3ptimo fio condutor para dar visibilidade nacional e internacional ao que se faz c\u00e1 dentro.<\/span><\/p><p><span style=\"color: #000000;\">Assim, o AEGN acredita que a dinamiza\u00e7\u00e3o de projetos e atividades no \u00e2mbito do programa Erasmus+ s\u00e3o uma mais valia para a sua comunidade educativa e contribuir\u00e3o para o desenvolvimento de boas pr\u00e1ticas, tornando os seus intervenientes, professores e alunos, importantes agentes de mudan\u00e7a, na promo\u00e7\u00e3o de valores fundamentais como os da solidariedade e toler\u00e2ncia, sendo esta a chave fundamental para abrir futuras portas, quer na forma\u00e7\u00e3o ao longo da vida quer nas oportunidades de melhor emprego.<\/span><\/p><p><span style=\"color: #000000;\">O Agrupamento de Escolas Gon\u00e7alo Nunes viu aprovada a sua candidatura ao Projeto Erasmus+, A\u00e7\u00e3o KA1, intitulada \u201cOportunidades Geram Mudan\u00e7as: por uma escola inclusiva e moderna!\u201d. Este Projeto \u00e9 composto por 27 mobilidades a pa\u00edses membros da Uni\u00e3o Europeia &#8211; Mobilidade Individual de Docentes, para fins de aprendizagem, para desenvolvimento das compet\u00eancias dos seus profissionais (Cursos de Forma\u00e7\u00e3o e Jobshadowing), e Mobilidade em Grupo de Alunos, para os anos de 2023\/2024 e 2024\/2025.<\/span><\/p><p><span style=\"color: #000000;\">Este Projeto pretende dar resposta aos objetivos tra\u00e7ados a partir da an\u00e1lise ao Projeto Educativo e apresentados na candidatura indo ao encontro das \u00e1reas de interven\u00e7\u00e3o priorit\u00e1rias estabelecidas tendo em considera\u00e7\u00e3o a realidade do AEGN.<\/span><\/p>\t\t\t\t\t\t\t\t<\/div>\n\t\t\t\t<div class=\"elementor-element elementor-element-d8f7140 elementor-widget-divider--view-line elementor-widget elementor-widget-divider\" data-id=\"d8f7140\" data-element_type=\"widget\" data-widget_type=\"divider.default\">\n\t\t\t\t\t\t\t<div class=\"elementor-divider\">\n\t\t\t<span class=\"elementor-divider-separator\">\n\t\t\t\t\t\t<\/span>\n\t\t<\/div>\n\t\t\t\t\t\t<\/div>\n\t\t\t\t<\/div>\n\t\t<div class=\"elementor-element elementor-element-fdf350f e-con-full e-flex e-con e-child\" data-id=\"fdf350f\" data-element_type=\"container\">\n\t\t\t\t<div class=\"elementor-element elementor-element-92202c1 elementor-widget elementor-widget-text-editor\" data-id=\"92202c1\" data-element_type=\"widget\" data-widget_type=\"text-editor.default\">\n\t\t\t\t\t\t\t\t\t<p><strong><span style=\"color: #000000;\">Hungria Mais Perto &#8211; Erasmus+<\/span><\/strong><\/p><p><span style=\"color: #000000;\">Durante tr\u00eas dias o Agrupamento recebeu tr\u00eas docentes da cidade de Miskolc, na Hungria. <\/span><span style=\"color: #000000;\">Esta mobilidade est\u00e1 inserida no Projecto Erasmus+ e tratou-se de uma visita preparat\u00f3ria com o objetivo de organizar a rece\u00e7\u00e3o de um grupo de dez docentes h\u00fangaros e a ida de um grupo de dez alunos da Escola B\u00e1sica de Arcozelo \u00e0 Hungria. As professoras foram recebidas na Escola Sede pela Diretora e tiveram a oportunidade de observar boas pr\u00e1ticas desenvolvidas nas Escolas B\u00e1sicas de Arcozelo, Ald\u00e3o e Vila Boa.<\/span><\/p>\t\t\t\t\t\t\t\t<\/div>\n\t\t\t\t<\/div>\n\t\t\t\t\t<\/div>\n\t\t\t\t<\/div>\n\t\t<div class=\"elementor-element elementor-element-908a449 e-flex e-con-boxed e-con e-parent\" data-id=\"908a449\" data-element_type=\"container\">\n\t\t\t\t\t<div class=\"e-con-inner\">\n\t\t\t\t<div class=\"elementor-element elementor-element-ee9e048 elementor-skin-coverflow elementor-arrows-yes elementor-pagination-type-bullets elementor-pagination-position-outside elementor-widget elementor-widget-media-carousel\" data-id=\"ee9e048\" data-element_type=\"widget\" data-settings=\"{&quot;skin&quot;:&quot;coverflow&quot;,&quot;show_arrows&quot;:&quot;yes&quot;,&quot;pagination&quot;:&quot;bullets&quot;,&quot;speed&quot;:500,&quot;autoplay&quot;:&quot;yes&quot;,&quot;autoplay_speed&quot;:5000,&quot;loop&quot;:&quot;yes&quot;,&quot;pause_on_hover&quot;:&quot;yes&quot;,&quot;pause_on_interaction&quot;:&quot;yes&quot;,&quot;space_between&quot;:{&quot;unit&quot;:&quot;px&quot;,&quot;size&quot;:10,&quot;sizes&quot;:[]},&quot;space_between_tablet&quot;:{&quot;unit&quot;:&quot;px&quot;,&quot;size&quot;:10,&quot;sizes&quot;:[]},&quot;space_between_mobile&quot;:{&quot;unit&quot;:&quot;px&quot;,&quot;size&quot;:10,&quot;sizes&quot;:[]}}\" data-widget_type=\"media-carousel.default\">\n\t\t\t\t\t\t\t\t\t\t<div class=\"elementor-main-swiper swiper\" role=\"region\" aria-roledescription=\"carousel\" aria-label=\"Slides\">\n\t\t\t\t<div class=\"swiper-wrapper\">\n\t\t\t\t\t\t\t\t\t\t\t<div class=\"swiper-slide\" role=\"group\" aria-roledescription=\"slide\">\n\t\t\t\t\t\t\t\t\t<div class=\"elementor-carousel-image\" role=\"img\" aria-label=\"IMG-20231108-WA0042\" style=\"background-image: url(&#039;https:\/\/aegnunes.pt\/wp-content\/uploads\/2025\/10\/IMG-20231108-WA0042.jpg&#039;)\">\n\n\t\t\t\n\t\t\t\t\t<\/div>\n\t\t\t\t\t\t\t\t<\/div>\n\t\t\t\t\t\t\t\t\t\t\t<div class=\"swiper-slide\" role=\"group\" aria-roledescription=\"slide\">\n\t\t\t\t\t\t\t\t\t<div class=\"elementor-carousel-image\" role=\"img\" aria-label=\"IMG-20231108-WA0032\" style=\"background-image: url(&#039;https:\/\/aegnunes.pt\/wp-content\/uploads\/2025\/10\/IMG-20231108-WA0032.jpg&#039;)\">\n\n\t\t\t\n\t\t\t\t\t<\/div>\n\t\t\t\t\t\t\t\t<\/div>\n\t\t\t\t\t\t\t\t\t\t\t<div class=\"swiper-slide\" role=\"group\" aria-roledescription=\"slide\">\n\t\t\t\t\t\t\t\t\t<div class=\"elementor-carousel-image\" role=\"img\" aria-label=\"IMG-20231108-WA0030\" style=\"background-image: url(&#039;https:\/\/aegnunes.pt\/wp-content\/uploads\/2025\/10\/IMG-20231108-WA0030.jpg&#039;)\">\n\n\t\t\t\n\t\t\t\t\t<\/div>\n\t\t\t\t\t\t\t\t<\/div>\n\t\t\t\t\t\t\t\t\t\t\t<div class=\"swiper-slide\" role=\"group\" aria-roledescription=\"slide\">\n\t\t\t\t\t\t\t\t\t<div class=\"elementor-carousel-image\" role=\"img\" aria-label=\"IMG-20231108-WA0029\" style=\"background-image: url(&#039;https:\/\/aegnunes.pt\/wp-content\/uploads\/2025\/10\/IMG-20231108-WA0029.jpg&#039;)\">\n\n\t\t\t\n\t\t\t\t\t<\/div>\n\t\t\t\t\t\t\t\t<\/div>\n\t\t\t\t\t\t\t\t\t\t\t<div class=\"swiper-slide\" role=\"group\" aria-roledescription=\"slide\">\n\t\t\t\t\t\t\t\t\t<div class=\"elementor-carousel-image\" role=\"img\" aria-label=\"IMG-20231108-WA0027\" style=\"background-image: url(&#039;https:\/\/aegnunes.pt\/wp-content\/uploads\/2025\/10\/IMG-20231108-WA0027.jpg&#039;)\">\n\n\t\t\t\n\t\t\t\t\t<\/div>\n\t\t\t\t\t\t\t\t<\/div>\n\t\t\t\t\t\t\t\t\t\t\t<div class=\"swiper-slide\" role=\"group\" aria-roledescription=\"slide\">\n\t\t\t\t\t\t\t\t\t<div class=\"elementor-carousel-image\" role=\"img\" aria-label=\"IMG-20231108-WA0004\" style=\"background-image: url(&#039;https:\/\/aegnunes.pt\/wp-content\/uploads\/2025\/10\/IMG-20231108-WA0004.jpg&#039;)\">\n\n\t\t\t\n\t\t\t\t\t<\/div>\n\t\t\t\t\t\t\t\t<\/div>\n\t\t\t\t\t\t\t\t\t<\/div>\n\t\t\t\t\t\t\t\t\t\t\t\t\t\t\t<div class=\"elementor-swiper-button elementor-swiper-button-prev\" role=\"button\" tabindex=\"0\" aria-label=\"Previous\">\n\t\t\t\t\t\t\t<svg aria-hidden=\"true\" class=\"e-font-icon-svg e-eicon-chevron-left\" viewBox=\"0 0 1000 1000\" xmlns=\"http:\/\/www.w3.org\/2000\/svg\"><path d=\"M646 125C629 125 613 133 604 142L308 442C296 454 292 471 292 487 292 504 296 521 308 533L604 854C617 867 629 875 646 875 663 875 679 871 692 858 704 846 713 829 713 812 713 796 708 779 692 767L438 487 692 225C700 217 708 204 708 187 708 171 704 154 692 142 675 129 663 125 646 125Z\"><\/path><\/svg>\t\t\t\t\t\t<\/div>\n\t\t\t\t\t\t<div class=\"elementor-swiper-button elementor-swiper-button-next\" role=\"button\" tabindex=\"0\" aria-label=\"Next\">\n\t\t\t\t\t\t\t<svg aria-hidden=\"true\" class=\"e-font-icon-svg e-eicon-chevron-right\" viewBox=\"0 0 1000 1000\" xmlns=\"http:\/\/www.w3.org\/2000\/svg\"><path d=\"M696 533C708 521 713 504 713 487 713 471 708 454 696 446L400 146C388 133 375 125 354 125 338 125 325 129 313 142 300 154 292 171 292 187 292 204 296 221 308 233L563 492 304 771C292 783 288 800 288 817 288 833 296 850 308 863 321 871 338 875 354 875 371 875 388 867 400 854L696 533Z\"><\/path><\/svg>\t\t\t\t\t\t<\/div>\n\t\t\t\t\t\t\t\t\t\t\t\t\t\t\t\t<div class=\"swiper-pagination\"><\/div>\n\t\t\t\t\t\t\t\t\t\t\t\t<\/div>\n\t\t\t\t\t\t\t\t<\/div>\n\t\t\t\t<div class=\"elementor-element elementor-element-d84210e elementor-widget-divider--view-line elementor-widget elementor-widget-divider\" data-id=\"d84210e\" data-element_type=\"widget\" data-widget_type=\"divider.default\">\n\t\t\t\t\t\t\t<div class=\"elementor-divider\">\n\t\t\t<span class=\"elementor-divider-separator\">\n\t\t\t\t\t\t<\/span>\n\t\t<\/div>\n\t\t\t\t\t\t<\/div>\n\t\t\t\t\t<\/div>\n\t\t\t\t<\/div>\n\t\t\t\t<\/div>\n\t\t","protected":false},"excerpt":{"rendered":"<p>Erasmus Agrupamento de Escolas Gon\u00e7alo Nunes O que \u00e9 o ERASMUS+? O Erasmus + \u00e9 um programa da Comiss\u00e3o Europeia nos dom\u00ednios da Educa\u00e7\u00e3o, Forma\u00e7\u00e3o, Juventude e Desporto. Objetivos do ERASMUS+ Estabelecer parcerias estrat\u00e9gicas para o interc\u00e2mbio de boas pr\u00e1ticas, desenvolvendo e refor\u00e7ando as redes, a sua capacidade de operar a n\u00edvel transnacional, a partilha [&hellip;]<\/p>\n","protected":false},"author":1,"featured_media":0,"parent":0,"menu_order":0,"comment_status":"closed","ping_status":"closed","template":"","meta":{"footnotes":""},"class_list":["post-626","page","type-page","status-publish","hentry"],"_links":{"self":[{"href":"https:\/\/aegnunes.pt\/index.php?rest_route=\/wp\/v2\/pages\/626","targetHints":{"allow":["GET"]}}],"collection":[{"href":"https:\/\/aegnunes.pt\/index.php?rest_route=\/wp\/v2\/pages"}],"about":[{"href":"https:\/\/aegnunes.pt\/index.php?rest_route=\/wp\/v2\/types\/page"}],"author":[{"embeddable":true,"href":"https:\/\/aegnunes.pt\/index.php?rest_route=\/wp\/v2\/users\/1"}],"replies":[{"embeddable":true,"href":"https:\/\/aegnunes.pt\/index.php?rest_route=%2Fwp%2Fv2%2Fcomments&post=626"}],"version-history":[{"count":28,"href":"https:\/\/aegnunes.pt\/index.php?rest_route=\/wp\/v2\/pages\/626\/revisions"}],"predecessor-version":[{"id":868,"href":"https:\/\/aegnunes.pt\/index.php?rest_route=\/wp\/v2\/pages\/626\/revisions\/868"}],"wp:attachment":[{"href":"https:\/\/aegnunes.pt\/index.php?rest_route=%2Fwp%2Fv2%2Fmedia&parent=626"}],"curies":[{"name":"wp","href":"https:\/\/api.w.org\/{rel}","templated":true}]}}