{"id":344,"date":"2025-09-04T08:57:47","date_gmt":"2025-09-04T08:57:47","guid":{"rendered":"https:\/\/aegnunes.pt\/?page_id=344"},"modified":"2026-01-06T17:14:02","modified_gmt":"2026-01-06T17:14:02","slug":"diretores-de-turma","status":"publish","type":"page","link":"https:\/\/aegnunes.pt\/?page_id=344","title":{"rendered":"Diretores de Turma"},"content":{"rendered":"\t\t<div data-elementor-type=\"wp-page\" data-elementor-id=\"344\" class=\"elementor elementor-344\" data-elementor-post-type=\"page\">\n\t\t\t\t<div class=\"elementor-element elementor-element-8f51c49 e-flex e-con-boxed e-con e-parent\" data-id=\"8f51c49\" data-element_type=\"container\">\n\t\t\t\t\t<div class=\"e-con-inner\">\n\t\t\t\t<div class=\"elementor-element elementor-element-88ccfa8 elementor-widget elementor-widget-heading\" data-id=\"88ccfa8\" data-element_type=\"widget\" data-widget_type=\"heading.default\">\n\t\t\t\t\t<h2 class=\"elementor-heading-title elementor-size-default\">Diretores de Turma<\/h2>\t\t\t\t<\/div>\n\t\t\t\t<div class=\"elementor-element elementor-element-17476a2 elementor-widget elementor-widget-spacer\" data-id=\"17476a2\" data-element_type=\"widget\" data-widget_type=\"spacer.default\">\n\t\t\t\t\t\t\t<div class=\"elementor-spacer\">\n\t\t\t<div class=\"elementor-spacer-inner\"><\/div>\n\t\t<\/div>\n\t\t\t\t\t\t<\/div>\n\t\t<div class=\"elementor-element elementor-element-af2a0b8 e-con-full e-flex e-con e-child\" data-id=\"af2a0b8\" data-element_type=\"container\">\n\t\t<div class=\"elementor-element elementor-element-a0ff9c8 e-con-full e-flex e-con e-child\" data-id=\"a0ff9c8\" data-element_type=\"container\">\n\t\t<div class=\"elementor-element elementor-element-9235f23 e-grid e-con-full e-con e-child\" data-id=\"9235f23\" data-element_type=\"container\">\n\t\t\t\t<div class=\"elementor-element elementor-element-1f6fad7 elementor-widget elementor-widget-text-editor\" data-id=\"1f6fad7\" data-element_type=\"widget\" data-widget_type=\"text-editor.default\">\n\t\t\t\t\t\t\t\t\t<p><span style=\"color: #ffffff;\">a<\/span><\/p>\t\t\t\t\t\t\t\t<\/div>\n\t\t\t\t<div class=\"elementor-element elementor-element-e0fdf8b elementor-widget elementor-widget-text-editor\" data-id=\"e0fdf8b\" data-element_type=\"widget\" data-widget_type=\"text-editor.default\">\n\t\t\t\t\t\t\t\t\t<p><span style=\"color: #000000;\">Turma<\/span><\/p>\t\t\t\t\t\t\t\t<\/div>\n\t\t\t\t<div class=\"elementor-element elementor-element-c05e726 elementor-widget elementor-widget-text-editor\" data-id=\"c05e726\" data-element_type=\"widget\" data-widget_type=\"text-editor.default\">\n\t\t\t\t\t\t\t\t\t<p><span style=\"color: #000000;\">Diretor de Turma<\/span><\/p>\t\t\t\t\t\t\t\t<\/div>\n\t\t\t\t<div class=\"elementor-element elementor-element-0acc2e3 elementor-widget elementor-widget-text-editor\" data-id=\"0acc2e3\" data-element_type=\"widget\" data-widget_type=\"text-editor.default\">\n\t\t\t\t\t\t\t\t\t<p><span style=\"color: #000000;\">Dia da semana<\/span><\/p>\t\t\t\t\t\t\t\t<\/div>\n\t\t\t\t<div class=\"elementor-element elementor-element-461b244 elementor-widget elementor-widget-text-editor\" data-id=\"461b244\" data-element_type=\"widget\" data-widget_type=\"text-editor.default\">\n\t\t\t\t\t\t\t\t\t<p><span style=\"color: #000000;\">hora<\/span><\/p>\t\t\t\t\t\t\t\t<\/div>\n\t\t\t\t<\/div>\n\t\t\t\t<\/div>\n\t\t<div class=\"elementor-element elementor-element-8d5c2ab e-con-full e-flex e-con e-child\" data-id=\"8d5c2ab\" data-element_type=\"container\">\n\t\t<div class=\"elementor-element elementor-element-de49c91 e-grid e-con-full e-con e-child\" data-id=\"de49c91\" data-element_type=\"container\">\n\t\t\t\t<div class=\"elementor-element elementor-element-7bfae34 elementor-widget elementor-widget-text-editor\" data-id=\"7bfae34\" data-element_type=\"widget\" data-widget_type=\"text-editor.default\">\n\t\t\t\t\t\t\t\t\t<p><span style=\"color: #999999;\"><a style=\"color: #999999;\" href=\"https:\/\/aegnunes.pt\/?page_id=332\">Dire\u00e7\u00e3o Executiva<\/a><\/span><\/p><p><span style=\"color: #999999;\"><a style=\"color: #999999;\" href=\"https:\/\/aegnunes.pt\/?page_id=335\">Conselho Geral<\/a><\/span><\/p><p><span style=\"color: #999999;\"><a style=\"color: #999999;\" href=\"https:\/\/aegnunes.pt\/?page_id=338\">Conselho Pedag\u00f3gico<\/a><\/span><\/p><p><a href=\"https:\/\/aegnunes.pt\/?page_id=341\"><span style=\"color: #999999;\">Conselho Administrativo<\/span><\/a><\/p>\t\t\t\t\t\t\t\t<\/div>\n\t\t\t\t<div class=\"elementor-element elementor-element-e61705e elementor-widget elementor-widget-text-editor\" data-id=\"e61705e\" data-element_type=\"widget\" data-widget_type=\"text-editor.default\">\n\t\t\t\t\t\t\t\t\t<hr \/><p><span style=\"color: #000000;\">5A<\/span><\/p><p>5B<\/p><p><span style=\"color: #000000;\">5C<\/span><\/p><p>5D<\/p><p><span style=\"color: #000000;\">5E<\/span><\/p><p>5F<\/p><p><span style=\"color: #000000;\">5G<\/span><\/p><p>5H<\/p><p><span style=\"color: #000000;\">5I<\/span><\/p><p>5J<\/p><p><span style=\"color: #000000;\">6A<\/span><\/p><p>6B<\/p><p><span style=\"color: #000000;\">6C<\/span><\/p><p>6D<\/p><p><span style=\"color: #000000;\">6E<\/span><\/p><p>6F<\/p><p><span style=\"color: #000000;\">6G<\/span><\/p><p>6H<\/p><p><span style=\"color: #000000;\">7A<\/span><\/p><p>7B<\/p><p><span style=\"color: #000000;\">8A<\/span><\/p><p>8B<\/p><p><span style=\"color: #000000;\">8C<\/span><\/p><p>9A<\/p><p><span style=\"color: #000000;\">9B<\/span><\/p><p>9C<\/p>\t\t\t\t\t\t\t\t<\/div>\n\t\t\t\t<div class=\"elementor-element elementor-element-64c7344 elementor-widget elementor-widget-text-editor\" data-id=\"64c7344\" data-element_type=\"widget\" data-widget_type=\"text-editor.default\">\n\t\t\t\t\t\t\t\t\t<hr \/><p><span style=\"color: #000000;\">Eug\u00e9nio Lima Ribeiro<\/span><\/p><p>Arlete Sofia Souto Monteiro<\/p><p><span style=\"color: #000000;\">Maria Jos\u00e9 Gra\u00e7a Faria da Cunha<\/span><\/p><p>Maria Jos\u00e9 Veloso Costa<\/p><p><span style=\"color: #000000;\">Maria Bernardete Pedrosa Ribeiro<\/span><\/p><p>Bibiana Maria Leit\u00e3o Martins<\/p><p><span style=\"color: #000000;\">Susana Isabel Marques Nunes Silva<\/span><\/p><p>Sandra Cristina Gil de Miranda<\/p><p><span style=\"color: #000000;\">\u00c1lvaro Miguel Moreira Lopes<\/span><\/p><p>Cust\u00f3dio Ricardo Sousa Lomba<\/p><p><span style=\"color: #000000;\">Cl\u00e1udia Marisa Martins de S\u00e1<\/span><\/p><p>Jos\u00e9 Manuel Sendim Nascimento<\/p><p><span style=\"color: #000000;\">Isabel Maria Barbosa Pinto<\/span><\/p><p>Paulo Jorge de Oliveira\u00a0 Fernandes<\/p><p><span style=\"color: #000000;\">Maria Jos\u00e9 Fi\u00faza Batista Matos<\/span><\/p><p>Ana Lu\u00edsa da Silva\u00a0 Leal<\/p><p><span style=\"color: #000000;\">In\u00eas Roque Batista<\/span><\/p><p>Cosme Alberto M. C.S. Campinho<\/p><p><span style=\"color: #000000;\">Adelino Alberto Vilas Boas Barbosa<\/span><\/p><p>Carla Susana Pereira Oliveira<\/p><p><span style=\"color: #000000;\">Anabela da Cruz Paturro<\/span><\/p><p>Z\u00e9lia Maria dos Santos\u00a0 Nunes<\/p><p><span style=\"color: #000000;\">Teresa Soares G. Coturela Cunha<\/span><\/p><p>Sara Beatriz Arantes Silva do Vale<\/p><p><span style=\"color: #000000;\">Rita Maria Carvalho Beleza Moreira<\/span><\/p><p>Maria de F\u00e1tima Rebelo<\/p>\t\t\t\t\t\t\t\t<\/div>\n\t\t\t\t<div class=\"elementor-element elementor-element-e570641 elementor-widget elementor-widget-text-editor\" data-id=\"e570641\" data-element_type=\"widget\" data-widget_type=\"text-editor.default\">\n\t\t\t\t\t\t\t\t\t<hr \/><p><span style=\"color: #000000;\">quarta-feira<\/span><\/p><p>quarta-feira<\/p><p><span style=\"color: #000000;\">segunda-feira<\/span><\/p><p>quinta-feira<\/p><p><span style=\"color: #000000;\">segunda-feira<\/span><\/p><p>ter\u00e7a-feira<\/p><p><span style=\"color: #000000;\">quarta-feira<\/span><\/p><p>sexta-feira<\/p><p><span style=\"color: #000000;\">ter\u00e7a-feira<\/span><\/p><p>ter\u00e7a-feira<\/p><p><span style=\"color: #000000;\">segunda-feira<\/span><\/p><p>Segunda-feira<\/p><p><span style=\"color: #000000;\">ter\u00e7a-feira<\/span><\/p><p>quinta-feira<\/p><p><span style=\"color: #000000;\">segunda-feira<\/span><\/p><p>quarta-feira<\/p><p><span style=\"color: #000000;\">quarta-feira<\/span><\/p><p>ter\u00e7a-feira<\/p><p><span style=\"color: #000000;\">sexta-feira<\/span><\/p><p>segunda-feira<\/p><p><span style=\"color: #000000;\">sexta-feira<\/span><\/p><p>segunda-feira<\/p><p><span style=\"color: #000000;\">ter\u00e7a-feira<\/span><\/p><p>ter\u00e7a-feira<\/p><p><span style=\"color: #000000;\">ter\u00e7a-feira<\/span><\/p><p>quinta-feira<\/p>\t\t\t\t\t\t\t\t<\/div>\n\t\t\t\t<div class=\"elementor-element elementor-element-bdccb86 elementor-widget elementor-widget-text-editor\" data-id=\"bdccb86\" data-element_type=\"widget\" data-widget_type=\"text-editor.default\">\n\t\t\t\t\t\t\t\t\t<hr \/><p><span style=\"color: #000000;\">11:25<\/span><\/p><p>11:25<\/p><p><span style=\"color: #000000;\">15:15<\/span><\/p><p>12:20<\/p><p><span style=\"color: #000000;\">11:25<\/span><\/p><p>09:15<\/p><p><span style=\"color: #000000;\">12:20<\/span><\/p><p>11:25<\/p><p><span style=\"color: #000000;\">12:20<\/span><\/p><p>09:15<\/p><p><span style=\"color: #000000;\">12:20<\/span><\/p><p>08:20<\/p><p><span style=\"color: #000000;\">11:25<\/span><\/p><p>09:15<\/p><p><span style=\"color: #000000;\">15.15<\/span><\/p><p>11.25<\/p><p><span style=\"color: #000000;\">10.25<\/span><\/p><p>15:15<\/p><p><span style=\"color: #000000;\">08:20<\/span><\/p><p>11:25<\/p><p>11:25<\/p><p>11:25<\/p><p>11:26<\/p><p>12h20<\/p><p>08:20<\/p><p>08:20<\/p>\t\t\t\t\t\t\t\t<\/div>\n\t\t\t\t<\/div>\n\t\t\t\t<\/div>\n\t\t\t\t<\/div>\n\t\t\t\t<div class=\"elementor-element elementor-element-bf65fa7 elementor-widget elementor-widget-spacer\" data-id=\"bf65fa7\" data-element_type=\"widget\" data-widget_type=\"spacer.default\">\n\t\t\t\t\t\t\t<div class=\"elementor-spacer\">\n\t\t\t<div class=\"elementor-spacer-inner\"><\/div>\n\t\t<\/div>\n\t\t\t\t\t\t<\/div>\n\t\t\t\t\t<\/div>\n\t\t\t\t<\/div>\n\t\t\t\t<\/div>\n\t\t","protected":false},"excerpt":{"rendered":"<p>Diretores de Turma a Turma Diretor de Turma Dia da semana hora Dire\u00e7\u00e3o Executiva Conselho Geral Conselho Pedag\u00f3gico Conselho Administrativo 5A 5B 5C 5D 5E 5F 5G 5H 5I 5J 6A 6B 6C 6D 6E 6F 6G 6H 7A 7B 8A 8B 8C 9A 9B 9C Eug\u00e9nio Lima Ribeiro Arlete Sofia Souto Monteiro Maria Jos\u00e9 [&hellip;]<\/p>\n","protected":false},"author":1,"featured_media":0,"parent":0,"menu_order":0,"comment_status":"closed","ping_status":"closed","template":"","meta":{"footnotes":""},"class_list":["post-344","page","type-page","status-publish","hentry"],"_links":{"self":[{"href":"https:\/\/aegnunes.pt\/index.php?rest_route=\/wp\/v2\/pages\/344","targetHints":{"allow":["GET"]}}],"collection":[{"href":"https:\/\/aegnunes.pt\/index.php?rest_route=\/wp\/v2\/pages"}],"about":[{"href":"https:\/\/aegnunes.pt\/index.php?rest_route=\/wp\/v2\/types\/page"}],"author":[{"embeddable":true,"href":"https:\/\/aegnunes.pt\/index.php?rest_route=\/wp\/v2\/users\/1"}],"replies":[{"embeddable":true,"href":"https:\/\/aegnunes.pt\/index.php?rest_route=%2Fwp%2Fv2%2Fcomments&post=344"}],"version-history":[{"count":16,"href":"https:\/\/aegnunes.pt\/index.php?rest_route=\/wp\/v2\/pages\/344\/revisions"}],"predecessor-version":[{"id":1918,"href":"https:\/\/aegnunes.pt\/index.php?rest_route=\/wp\/v2\/pages\/344\/revisions\/1918"}],"wp:attachment":[{"href":"https:\/\/aegnunes.pt\/index.php?rest_route=%2Fwp%2Fv2%2Fmedia&parent=344"}],"curies":[{"name":"wp","href":"https:\/\/api.w.org\/{rel}","templated":true}]}}