{"id":2339,"date":"2026-03-11T17:58:23","date_gmt":"2026-03-11T17:58:23","guid":{"rendered":"https:\/\/aegnunes.pt\/?page_id=2339"},"modified":"2026-03-11T18:24:06","modified_gmt":"2026-03-11T18:24:06","slug":"tenis-de-mesa","status":"publish","type":"page","link":"https:\/\/aegnunes.pt\/?page_id=2339","title":{"rendered":"T\u00e9nis de Mesa"},"content":{"rendered":"\t\t<div data-elementor-type=\"wp-page\" data-elementor-id=\"2339\" class=\"elementor elementor-2339\" data-elementor-post-type=\"page\">\n\t\t\t\t<div class=\"elementor-element elementor-element-3fe54e1 e-flex e-con-boxed e-con e-parent\" data-id=\"3fe54e1\" data-element_type=\"container\">\n\t\t\t\t\t<div class=\"e-con-inner\">\n\t\t\t\t<div class=\"elementor-element elementor-element-83096c5 elementor-widget elementor-widget-heading\" data-id=\"83096c5\" data-element_type=\"widget\" data-widget_type=\"heading.default\">\n\t\t\t\t\t<h2 class=\"elementor-heading-title elementor-size-default\">T\u00e9nis de Mesa do Agrupamento de Escolas Gon\u00e7alo Nunes<\/h2>\t\t\t\t<\/div>\n\t\t\t\t\t<\/div>\n\t\t\t\t<\/div>\n\t\t<div class=\"elementor-element elementor-element-8537372 e-flex e-con-boxed e-con e-parent\" data-id=\"8537372\" data-element_type=\"container\">\n\t\t\t\t\t<div class=\"e-con-inner\">\n\t\t<div class=\"elementor-element elementor-element-cb949ea e-grid e-con-full e-con e-child\" data-id=\"cb949ea\" data-element_type=\"container\">\n\t\t\t\t<div class=\"elementor-element elementor-element-d43d91b elementor-widget elementor-widget-text-editor\" data-id=\"d43d91b\" data-element_type=\"widget\" data-widget_type=\"text-editor.default\">\n\t\t\t\t\t\t\t\t\t<p><span style=\"color: #000000;\"><strong>Estreia em grande no T\u00e9nis de Mesa<\/strong><\/span><\/p><p><span style=\"color: #000000;\"><strong>\u00a0<\/strong><\/span><\/p><p><span style=\"color: #000000;\">Ap\u00f3s dois meses e meio de treino intenso e dedicado, os alunos da nossa escola iniciaram, no passado dia 10 de dezembro, a sua participa\u00e7\u00e3o no Campeonato CLDE de Braga, na modalidade de T\u00e9nis de Mesa.<\/span><\/p><p><span style=\"color: #000000;\">A primeira jornada decorreu na Escola B\u00e1sica da Ap\u00falia e contou com a presen\u00e7a dos alunos da escola anfitri\u00e3, da nossa escola e da Escola B\u00e1sica de Marinhas, do concelho de Esposende.<\/span><\/p><p><span style=\"color: #000000;\">Nesta jornada inaugural a nossa escola fez-se representar por 11 alunos, que na primeira fase da competi\u00e7\u00e3o foram distribu\u00eddos pelos diferentes grupos.<\/span><\/p><p><span style=\"color: #000000;\">A estreia da nossa equipa ficou marcada por um desempenho muito positivo. Dos 8 lugares dispon\u00edveis para a fase final, 7 foram conquistados por alunos da nossa escola, um resultado de excel\u00eancia que comprova o elevado n\u00edvel competitivo dos nossos alunos e o sucesso do trabalho desenvolvido. Verdadeiramente not\u00e1vel.<\/span><\/p><p><span style=\"color: #000000;\">\u00a0A presta\u00e7\u00e3o dos nossos alunos destacou-se pela elevada capacidade de concentra\u00e7\u00e3o, exemplar esp\u00edrito competitivo e not\u00e1vel fair play, transformando esta estreia num motivo de enorme orgulho para toda a comunidade educativa e revelando um in\u00edcio promissor e um percurso com elevado potencial de sucesso.<\/span><\/p><p style=\"text-align: right;\">12 de janeiro de 2026<\/p>\t\t\t\t\t\t\t\t<\/div>\n\t\t\t\t<div class=\"elementor-element elementor-element-1edc0db elementor-widget elementor-widget-image\" data-id=\"1edc0db\" data-element_type=\"widget\" data-widget_type=\"image.default\">\n\t\t\t\t\t\t\t\t\t\t\t\t\t\t\t<img fetchpriority=\"high\" decoding=\"async\" width=\"720\" height=\"450\" src=\"https:\/\/aegnunes.pt\/wp-content\/uploads\/2026\/01\/tenis-mesa.png\" class=\"attachment-large size-large wp-image-2177\" alt=\"\" srcset=\"https:\/\/aegnunes.pt\/wp-content\/uploads\/2026\/01\/tenis-mesa.png 720w, https:\/\/aegnunes.pt\/wp-content\/uploads\/2026\/01\/tenis-mesa-300x188.png 300w\" sizes=\"(max-width: 720px) 100vw, 720px\" \/>\t\t\t\t\t\t\t\t\t\t\t\t\t\t\t<\/div>\n\t\t\t\t<\/div>\n\t\t\t\t\t<\/div>\n\t\t\t\t<\/div>\n\t\t<div class=\"elementor-element elementor-element-0c015f7 e-flex e-con-boxed e-con e-parent\" data-id=\"0c015f7\" data-element_type=\"container\">\n\t\t\t\t\t<div class=\"e-con-inner\">\n\t\t\t\t<div class=\"elementor-element elementor-element-25c5dc2 elementor-widget-divider--view-line elementor-widget elementor-widget-divider\" data-id=\"25c5dc2\" data-element_type=\"widget\" data-widget_type=\"divider.default\">\n\t\t\t\t\t\t\t<div class=\"elementor-divider\">\n\t\t\t<span class=\"elementor-divider-separator\">\n\t\t\t\t\t\t<\/span>\n\t\t<\/div>\n\t\t\t\t\t\t<\/div>\n\t\t\t\t\t<\/div>\n\t\t\t\t<\/div>\n\t\t<div class=\"elementor-element elementor-element-508a72c e-flex e-con-boxed e-con e-parent\" data-id=\"508a72c\" data-element_type=\"container\">\n\t\t\t\t\t<div class=\"e-con-inner\">\n\t\t<div class=\"elementor-element elementor-element-9cc7ba8 e-grid e-con-full e-con e-child\" data-id=\"9cc7ba8\" data-element_type=\"container\">\n\t\t\t\t<div class=\"elementor-element elementor-element-f1b1aa6 elementor-widget elementor-widget-text-editor\" data-id=\"f1b1aa6\" data-element_type=\"widget\" data-widget_type=\"text-editor.default\">\n\t\t\t\t\t\t\t\t\t<p><span style=\"color: #000000;\"><strong>T<\/strong><strong>\u00e9nis de Mesa &#8211; Nova jornada de sucesso<\/strong><\/span><\/p><p><span style=\"color: #000000;\">Dando continuidade \u00e0 excelente estreia, os alunos da nossa escola voltaram a evidenciar um desempenho de grande qualidade na segunda jornada do Campeonato CLDE de Braga, na modalidade de T\u00e9nis de Mesa.<\/span><\/p><p><span style=\"color: #000000;\">A competi\u00e7\u00e3o, realizada no passado dia 21 de janeiro, na Escola B\u00e1sica de Marinhas, em Esposende, contou com a participa\u00e7\u00e3o de 14 alunos da nossa escola, que, face aos resultados alcan\u00e7ados, con\ufb01rmaram a consist\u00eancia e a qualidade do trabalho desenvolvido ao longo dos treinos.<\/span><\/p><p><span style=\"color: #000000;\">Na primeira fase da competi\u00e7\u00e3o, os alunos foram distribu\u00eddos por oito grupos, tendo seis alunos vencido os respetivos grupos e dez garantido o apuramento para a fase seguinte, \u00e0 qual acediam os dois primeiros classi\ufb01cados de cada grupo.<\/span><\/p><p><span style=\"color: #000000;\">Na fase a eliminar, dos dez alunos que marcaram presen\u00e7a nos oitavos-de-\ufb01nal, seis alcan\u00e7aram os quartos-de-\ufb01nal, dois chegaram \u00e0s meias-\ufb01nais e um aluno atingiu a \ufb01nal, sagrando-se posteriormente o vencedor da competi\u00e7\u00e3o. Destaca-se ainda a excelente participa\u00e7\u00e3o da nossa representante feminina que se bateu de igual para igual com os rapazes, alcan\u00e7ando um merit\u00f3rio 21.\u00ba lugar.<\/span><\/p><p><span style=\"color: #000000;\">Este excelente desempenho voltou a demonstrar o elevado n\u00edvel competitivo, a dedica\u00e7\u00e3o e o esp\u00edrito de supera\u00e7\u00e3o dos nossos alunos, constituindo mais um motivo de orgulho para toda a comunidade educativa.<\/span><\/p>\t\t\t\t\t\t\t\t<\/div>\n\t\t\t\t<div class=\"elementor-element elementor-element-f81b55c elementor-widget elementor-widget-image\" data-id=\"f81b55c\" data-element_type=\"widget\" data-widget_type=\"image.default\">\n\t\t\t\t\t\t\t\t\t\t\t\t\t\t\t<img decoding=\"async\" width=\"800\" height=\"600\" src=\"https:\/\/aegnunes.pt\/wp-content\/uploads\/2025\/12\/image-1024x768.jpeg\" class=\"attachment-large size-large wp-image-2073\" alt=\"\" srcset=\"https:\/\/aegnunes.pt\/wp-content\/uploads\/2025\/12\/image-1024x768.jpeg 1024w, https:\/\/aegnunes.pt\/wp-content\/uploads\/2025\/12\/image-300x225.jpeg 300w, https:\/\/aegnunes.pt\/wp-content\/uploads\/2025\/12\/image-768x576.jpeg 768w, https:\/\/aegnunes.pt\/wp-content\/uploads\/2025\/12\/image-1536x1152.jpeg 1536w, https:\/\/aegnunes.pt\/wp-content\/uploads\/2025\/12\/image.jpeg 2048w\" sizes=\"(max-width: 800px) 100vw, 800px\" \/>\t\t\t\t\t\t\t\t\t\t\t\t\t\t\t<\/div>\n\t\t\t\t<\/div>\n\t\t\t\t\t<\/div>\n\t\t\t\t<\/div>\n\t\t<div class=\"elementor-element elementor-element-d300271 e-flex e-con-boxed e-con e-parent\" data-id=\"d300271\" data-element_type=\"container\">\n\t\t\t\t\t<div class=\"e-con-inner\">\n\t\t\t\t<div class=\"elementor-element elementor-element-b11ad09 elementor-widget elementor-widget-text-editor\" data-id=\"b11ad09\" data-element_type=\"widget\" data-widget_type=\"text-editor.default\">\n\t\t\t\t\t\t\t\t\t<p><span style=\"color: #000000;\"><strong>Classi\ufb01ca\u00e7\u00e3o \ufb01nal do encontro:<\/strong><\/span><\/p>\t\t\t\t\t\t\t\t<\/div>\n\t\t\t\t\t<\/div>\n\t\t\t\t<\/div>\n\t\t<div class=\"elementor-element elementor-element-1af9f24 e-flex e-con-boxed e-con e-parent\" data-id=\"1af9f24\" data-element_type=\"container\">\n\t\t\t\t\t<div class=\"e-con-inner\">\n\t\t<div class=\"elementor-element elementor-element-84c5a3e e-grid e-con-full e-con e-child\" data-id=\"84c5a3e\" data-element_type=\"container\">\n\t\t\t\t<div class=\"elementor-element elementor-element-2f72ff7 elementor-widget elementor-widget-text-editor\" data-id=\"2f72ff7\" data-element_type=\"widget\" data-widget_type=\"text-editor.default\">\n\t\t\t\t\t\t\t\t\t<p><span style=\"color: #000000;\">1\u00ba Duarte Ferreira <\/span><\/p><p><span style=\"color: #000000;\">3\u00ba Dinis Pereira<\/span><\/p><p><span style=\"color: #000000;\">5\u00ba Gustavo Carvalho <\/span><\/p><p><span style=\"color: #000000;\">6\u00ba Gabriel Mesquita <\/span><\/p><p><span style=\"color: #000000;\">7\u00ba Andr\u00e9 Alves<\/span><\/p><p><span style=\"color: #000000;\">8\u00ba Gon\u00e7alo Martins <\/span><\/p><p><span style=\"color: #000000;\">10\u00ba Filipe Fernandes<\/span><\/p>\t\t\t\t\t\t\t\t<\/div>\n\t\t\t\t<div class=\"elementor-element elementor-element-50a2334 elementor-widget elementor-widget-text-editor\" data-id=\"50a2334\" data-element_type=\"widget\" data-widget_type=\"text-editor.default\">\n\t\t\t\t\t\t\t\t\t<p><span style=\"color: #000000;\">13\u00ba Tom\u00e1s Martins <\/span><\/p><p><span style=\"color: #000000;\">14\u00ba Martim Miranda <\/span><\/p><p><span style=\"color: #000000;\">16\u00ba Tiago Melo<\/span><\/p><p><span style=\"color: #000000;\">18\u00ba Gustavo Franco <\/span><\/p><p><span style=\"color: #000000;\">19\u00ba Gabriel Martins<\/span><\/p><p><span style=\"color: #000000;\">21\u00ba Margarida Coutinho<\/span><\/p><p><span style=\"color: #000000;\">22\u00ba Francisco Martins<\/span><\/p>\t\t\t\t\t\t\t\t<\/div>\n\t\t\t\t<div class=\"elementor-element elementor-element-2b287dd elementor-widget elementor-widget-text-editor\" data-id=\"2b287dd\" data-element_type=\"widget\" data-widget_type=\"text-editor.default\">\n\t\t\t\t\t\t\t\t\t<p><span style=\"color: #000000;\">14 alunos em competi\u00e7\u00e3o<\/span><\/p><p><span style=\"color: #000000;\">10 apurados para a fase a eliminar<\/span><\/p><p><span style=\"color: #000000;\"> 1.\u00ba lugar final conquistado<\/span><\/p><p><span style=\"color: #000000;\">Resultados que refletem trabalho, empenho, esp\u00edrito competitivo e fair play. Parab\u00e9ns a todos os participantes<\/span><\/p><p>\u00a0<\/p><p style=\"text-align: right;\">30 de janeiro de 2026<\/p>\t\t\t\t\t\t\t\t<\/div>\n\t\t\t\t<\/div>\n\t\t\t\t\t<\/div>\n\t\t\t\t<\/div>\n\t\t<div class=\"elementor-element elementor-element-b4f0f4b e-flex e-con-boxed e-con e-parent\" data-id=\"b4f0f4b\" data-element_type=\"container\">\n\t\t\t\t\t<div class=\"e-con-inner\">\n\t\t\t\t<div class=\"elementor-element elementor-element-7e9f20e elementor-widget-divider--view-line elementor-widget elementor-widget-divider\" data-id=\"7e9f20e\" data-element_type=\"widget\" data-widget_type=\"divider.default\">\n\t\t\t\t\t\t\t<div class=\"elementor-divider\">\n\t\t\t<span class=\"elementor-divider-separator\">\n\t\t\t\t\t\t<\/span>\n\t\t<\/div>\n\t\t\t\t\t\t<\/div>\n\t\t\t\t\t<\/div>\n\t\t\t\t<\/div>\n\t\t<div class=\"elementor-element elementor-element-d9954b0 e-flex e-con-boxed e-con e-parent\" data-id=\"d9954b0\" data-element_type=\"container\">\n\t\t\t\t\t<div class=\"e-con-inner\">\n\t\t\t\t<div class=\"elementor-element elementor-element-01e444f elementor-widget elementor-widget-text-editor\" data-id=\"01e444f\" data-element_type=\"widget\" data-widget_type=\"text-editor.default\">\n\t\t\t\t\t\t\t\t\t<p style=\"text-align: justify;\"><strong><span style=\"color: #000000;\"><span style=\"font-family: Arial, sans-serif;\">Clube de T\u00e9nis de Mesa sempre em destaque<\/span><\/span><\/strong><\/p><p>\u00a0<\/p><p style=\"margin: 0cm; text-align: justify;\"><span style=\"font-family: Arial, sans-serif; color: #000000;\">No passado dia <strong><span style=\"font-family: 'Arial',sans-serif; font-weight: normal;\">4 de mar\u00e7o<\/span><\/strong> realizou-se, na nossa escola, a <strong><span style=\"font-family: 'Arial',sans-serif; font-weight: normal;\">terceira jornada do Campeonato CLDE de Braga<\/span><\/strong>, na modalidade de <strong><span style=\"font-family: 'Arial',sans-serif; font-weight: normal;\">T\u00e9nis de Mesa<\/span><\/strong> e como j\u00e1 vem sendo habitual, os nossos alunos voltaram a evidenciar um desempenho de grande qualidade.<\/span><\/p><p style=\"margin: 0cm; text-align: justify;\"><span style=\"font-family: Arial, sans-serif; color: #000000;\">\u00a0<\/span><\/p><p style=\"margin: 0cm; text-align: justify;\"><span style=\"font-family: Arial, sans-serif; color: #000000;\">A competi\u00e7\u00e3o contou com a participa\u00e7\u00e3o de <strong><span style=\"font-family: 'Arial',sans-serif; font-weight: normal;\">13 alunos da nossa escola<\/span><\/strong>, <strong><span style=\"font-family: 'Arial',sans-serif; font-weight: normal;\">10 deles em estreia absoluta<\/span><\/strong>. Ainda assim, tal facto n\u00e3o diminuiu o brilho das suas presta\u00e7\u00f5es &#8211; bem pelo contr\u00e1rio. Os alunos estiveram \u00e0 altura do desafio e, face aos resultados alcan\u00e7ados, confirmaram uma vez mais a consist\u00eancia e a qualidade do trabalho desenvolvido ao longo dos treinos.<\/span><\/p><p style=\"margin: 0cm; text-align: justify;\"><span style=\"font-family: Arial, sans-serif; color: #000000;\">\u00a0<\/span><\/p><p style=\"margin: 0cm; text-align: justify;\"><span style=\"font-family: Arial, sans-serif; color: #000000;\">Na primeira fase da competi\u00e7\u00e3o, os alunos foram distribu\u00eddos por <strong><span style=\"font-family: 'Arial',sans-serif; font-weight: normal;\">sete grupos<\/span><\/strong>, tendo <strong><span style=\"font-family: 'Arial',sans-serif; font-weight: normal;\">cinco vencido os respetivos grupos<\/span><\/strong> e garantido o apuramento para a fase seguinte, \u00e0 qual acediam os primeiros classificados de cada grupo, bem como o <strong><span style=\"font-family: 'Arial',sans-serif; font-weight: normal;\">melhor segundo classificado<\/span><\/strong>.<\/span><\/p><p style=\"margin: 0cm; text-align: justify;\"><span style=\"font-family: Arial, sans-serif; color: #000000;\">Na fase a eliminar, <strong><span style=\"font-family: 'Arial',sans-serif; font-weight: normal;\">dos cinco alunos que marcaram presen\u00e7a nos quartos de final, tr\u00eas chegaram \u00e0s meias-finais e um atingiu a final<\/span><\/strong>, sagrando-se posteriormente <strong><span style=\"font-family: 'Arial',sans-serif; font-weight: normal;\">vice-campe\u00e3o da competi\u00e7\u00e3o<\/span><\/strong>.<\/span><\/p><p style=\"margin: 0cm; text-align: justify;\"><span style=\"font-family: Arial, sans-serif; color: #000000;\">\u00a0<\/span><\/p><p style=\"margin: 0cm; text-align: justify;\"><span style=\"font-family: Arial, sans-serif; color: #000000;\">Mesmo com a rotatividade dos alunos participantes, os resultados alcan\u00e7ados confirmam a qualidade do trabalho desenvolvido e o elevado n\u00edvel competitivo dos nossos alunos, que continuam a representar a escola com dedica\u00e7\u00e3o, esp\u00edrito de supera\u00e7\u00e3o e fair play, enchendo de orgulho toda a comunidade educativa.<\/span><\/p><p style=\"margin: 0cm; text-align: justify;\"><span style=\"color: #000000;\"><strong><span style=\"font-family: 'Arial',sans-serif; font-weight: normal;\">\u00a0<\/span><\/strong><\/span><\/p><p style=\"margin: 0cm; text-align: justify;\"><span style=\"font-family: Arial, sans-serif; color: #000000;\">Um <strong><span style=\"font-family: 'Arial',sans-serif; font-weight: normal;\">destaque especial<\/span><\/strong> para os alunos <strong><span style=\"font-family: 'Arial',sans-serif; font-weight: normal;\">Andr\u00e9 Alves, Martim Miranda, Filipe Fernandes, Gustavo Franco, Gon\u00e7alo Martins, Gabriel Martins e Santiago Teixeira<\/span><\/strong>, que, nesta jornada, assumiram a fun\u00e7\u00e3o de <strong><span style=\"font-family: 'Arial',sans-serif; font-weight: normal;\">ju\u00edzes\/\u00e1rbitros<\/span><\/strong>. O seu empenho e responsabilidade foram <strong><span style=\"font-family: 'Arial',sans-serif; font-weight: normal;\">imprescind\u00edveis para o sucesso da competi\u00e7\u00e3o<\/span><\/strong>, mostrando que tamb\u00e9m fora das mesas sabem brilhar e contribuir para o desporto escolar.<\/span><\/p>\t\t\t\t\t\t\t\t<\/div>\n\t\t\t\t\t<\/div>\n\t\t\t\t<\/div>\n\t\t<div class=\"elementor-element elementor-element-9e2a7a2 e-flex e-con-boxed e-con e-parent\" data-id=\"9e2a7a2\" data-element_type=\"container\">\n\t\t\t\t\t<div class=\"e-con-inner\">\n\t\t\t\t<div class=\"elementor-element elementor-element-e05e0b0 elementor-widget elementor-widget-text-editor\" data-id=\"e05e0b0\" data-element_type=\"widget\" data-widget_type=\"text-editor.default\">\n\t\t\t\t\t\t\t\t\t<p style=\"margin: 0cm;\"><span style=\"color: #000000;\"><strong><span style=\"font-family: Arial, sans-serif;\">Classifica\u00e7\u00e3o final do encontro:<\/span><\/strong><\/span><\/p>\t\t\t\t\t\t\t\t<\/div>\n\t\t\t\t\t<\/div>\n\t\t\t\t<\/div>\n\t\t<div class=\"elementor-element elementor-element-10a2ad5 e-flex e-con-boxed e-con e-parent\" data-id=\"10a2ad5\" data-element_type=\"container\">\n\t\t\t\t\t<div class=\"e-con-inner\">\n\t\t<div class=\"elementor-element elementor-element-0f3a635 e-grid e-con-full e-con e-child\" data-id=\"0f3a635\" data-element_type=\"container\">\n\t\t\t\t<div class=\"elementor-element elementor-element-80b8863 elementor-widget elementor-widget-text-editor\" data-id=\"80b8863\" data-element_type=\"widget\" data-widget_type=\"text-editor.default\">\n\t\t\t\t\t\t\t\t\t<p><span style=\"color: #000000;\">2.\u00ba Jo\u00e3o Monteiro<\/span><br><span style=\"color: #000000;\">3.\u00ba Duarte Ferreira<\/span><br><span style=\"color: #000000;\">4.\u00ba Diego Loureiro<\/span><br><span style=\"color: #000000;\">5.\u00ba Gustavo Carvalho<\/span><br><span style=\"color: #000000;\">8.\u00ba Dinis Martins<\/span><br><span style=\"color: #000000;\">10.\u00ba Gabriel Fernandes<\/span><br><span style=\"color: #000000;\">12.\u00ba Gabriel Macedo<\/span><\/p>\t\t\t\t\t\t\t\t<\/div>\n\t\t\t\t<div class=\"elementor-element elementor-element-c7f4413 elementor-widget elementor-widget-text-editor\" data-id=\"c7f4413\" data-element_type=\"widget\" data-widget_type=\"text-editor.default\">\n\t\t\t\t\t\t\t\t\t<p><span style=\"font-family: Arial, sans-serif; color: #000000;\">13.\u00ba Dinis Pereira<br \/>14.\u00ba Noah Lima<br \/>15.\u00ba Afonso Pereira<br \/>18.\u00ba Jos\u00e9 Rodrigues<br \/>21.\u00ba Lu\u00eds de Souza<br \/>23.\u00ba Miguel Ferreira<\/span><\/p>\t\t\t\t\t\t\t\t<\/div>\n\t\t\t\t<div class=\"elementor-element elementor-element-f0575cd elementor-widget elementor-widget-text-editor\" data-id=\"f0575cd\" data-element_type=\"widget\" data-widget_type=\"text-editor.default\">\n\t\t\t\t\t\t\t\t\t<p><span style=\"font-family: Arial, sans-serif; color: #000000;\">Participaram 28 alunos<\/span><\/p><p>\u00a0<\/p><p style=\"text-align: right;\">10 de mar\u00e7o de 2026<\/p>\t\t\t\t\t\t\t\t<\/div>\n\t\t\t\t<\/div>\n\t\t\t\t\t<\/div>\n\t\t\t\t<\/div>\n\t\t<div class=\"elementor-element elementor-element-44ab000 e-flex e-con-boxed e-con e-parent\" data-id=\"44ab000\" data-element_type=\"container\">\n\t\t\t\t\t<div class=\"e-con-inner\">\n\t\t\t\t<div class=\"elementor-element elementor-element-052adcd elementor-icon-list--layout-traditional elementor-list-item-link-full_width elementor-widget elementor-widget-icon-list\" data-id=\"052adcd\" data-element_type=\"widget\" data-widget_type=\"icon-list.default\">\n\t\t\t\t\t\t\t<ul class=\"elementor-icon-list-items\">\n\t\t\t\t\t\t\t<li class=\"elementor-icon-list-item\">\n\t\t\t\t\t\t\t\t\t\t\t<a href=\"https:\/\/aegnunes.pt\/?page_id=1063\">\n\n\t\t\t\t\t\t\t\t\t\t\t\t<span class=\"elementor-icon-list-icon\">\n\t\t\t\t\t\t\t<svg aria-hidden=\"true\" class=\"e-font-icon-svg e-far-arrow-alt-circle-left\" viewBox=\"0 0 512 512\" xmlns=\"http:\/\/www.w3.org\/2000\/svg\"><path d=\"M8 256c0 137 111 248 248 248s248-111 248-248S393 8 256 8 8 119 8 256zm448 0c0 110.5-89.5 200-200 200S56 366.5 56 256 145.5 56 256 56s200 89.5 200 200zm-72-20v40c0 6.6-5.4 12-12 12H256v67c0 10.7-12.9 16-20.5 8.5l-99-99c-4.7-4.7-4.7-12.3 0-17l99-99c7.6-7.6 20.5-2.2 20.5 8.5v67h116c6.6 0 12 5.4 12 12z\"><\/path><\/svg>\t\t\t\t\t\t<\/span>\n\t\t\t\t\t\t\t\t\t\t<span class=\"elementor-icon-list-text\">Voltar<\/span>\n\t\t\t\t\t\t\t\t\t\t\t<\/a>\n\t\t\t\t\t\t\t\t\t<\/li>\n\t\t\t\t\t\t<\/ul>\n\t\t\t\t\t\t<\/div>\n\t\t\t\t<div class=\"elementor-element elementor-element-624e0e4 elementor-widget elementor-widget-spacer\" data-id=\"624e0e4\" data-element_type=\"widget\" data-widget_type=\"spacer.default\">\n\t\t\t\t\t\t\t<div class=\"elementor-spacer\">\n\t\t\t<div class=\"elementor-spacer-inner\"><\/div>\n\t\t<\/div>\n\t\t\t\t\t\t<\/div>\n\t\t\t\t\t<\/div>\n\t\t\t\t<\/div>\n\t\t\t\t<\/div>\n\t\t","protected":false},"excerpt":{"rendered":"<p>T\u00e9nis de Mesa do Agrupamento de Escolas Gon\u00e7alo Nunes Estreia em grande no T\u00e9nis de Mesa \u00a0 Ap\u00f3s dois meses e meio de treino intenso e dedicado, os alunos da nossa escola iniciaram, no passado dia 10 de dezembro, a sua participa\u00e7\u00e3o no Campeonato CLDE de Braga, na modalidade de T\u00e9nis de Mesa. A primeira [&hellip;]<\/p>\n","protected":false},"author":1,"featured_media":2177,"parent":0,"menu_order":0,"comment_status":"closed","ping_status":"closed","template":"","meta":{"footnotes":""},"class_list":["post-2339","page","type-page","status-publish","has-post-thumbnail","hentry"],"_links":{"self":[{"href":"https:\/\/aegnunes.pt\/index.php?rest_route=\/wp\/v2\/pages\/2339","targetHints":{"allow":["GET"]}}],"collection":[{"href":"https:\/\/aegnunes.pt\/index.php?rest_route=\/wp\/v2\/pages"}],"about":[{"href":"https:\/\/aegnunes.pt\/index.php?rest_route=\/wp\/v2\/types\/page"}],"author":[{"embeddable":true,"href":"https:\/\/aegnunes.pt\/index.php?rest_route=\/wp\/v2\/users\/1"}],"replies":[{"embeddable":true,"href":"https:\/\/aegnunes.pt\/index.php?rest_route=%2Fwp%2Fv2%2Fcomments&post=2339"}],"version-history":[{"count":7,"href":"https:\/\/aegnunes.pt\/index.php?rest_route=\/wp\/v2\/pages\/2339\/revisions"}],"predecessor-version":[{"id":2366,"href":"https:\/\/aegnunes.pt\/index.php?rest_route=\/wp\/v2\/pages\/2339\/revisions\/2366"}],"wp:featuredmedia":[{"embeddable":true,"href":"https:\/\/aegnunes.pt\/index.php?rest_route=\/wp\/v2\/media\/2177"}],"wp:attachment":[{"href":"https:\/\/aegnunes.pt\/index.php?rest_route=%2Fwp%2Fv2%2Fmedia&parent=2339"}],"curies":[{"name":"wp","href":"https:\/\/api.w.org\/{rel}","templated":true}]}}