{"id":1855,"date":"2025-12-21T13:21:07","date_gmt":"2025-12-21T13:21:07","guid":{"rendered":"https:\/\/aegnunes.pt\/?page_id=1855"},"modified":"2025-12-21T13:21:42","modified_gmt":"2025-12-21T13:21:42","slug":"projeto-de-educacao-para-a-saude-pes","status":"publish","type":"page","link":"https:\/\/aegnunes.pt\/?page_id=1855","title":{"rendered":"Projeto de Educa\u00e7\u00e3o para a Sa\u00fade (PES)"},"content":{"rendered":"\t\t<div data-elementor-type=\"wp-page\" data-elementor-id=\"1855\" class=\"elementor elementor-1855\" data-elementor-post-type=\"page\">\n\t\t\t\t<div class=\"elementor-element elementor-element-f777987 e-flex e-con-boxed e-con e-parent\" data-id=\"f777987\" data-element_type=\"container\">\n\t\t\t\t\t<div class=\"e-con-inner\">\n\t\t\t\t<div class=\"elementor-element elementor-element-b84402e elementor-widget elementor-widget-heading\" data-id=\"b84402e\" data-element_type=\"widget\" data-widget_type=\"heading.default\">\n\t\t\t\t\t<h2 class=\"elementor-heading-title elementor-size-default\">Projeto de Educa\u00e7\u00e3o para a Sa\u00fade (PES)<\/h2>\t\t\t\t<\/div>\n\t\t\t\t<div class=\"elementor-element elementor-element-8da0e58 elementor-widget elementor-widget-spacer\" data-id=\"8da0e58\" data-element_type=\"widget\" data-widget_type=\"spacer.default\">\n\t\t\t\t\t\t\t<div class=\"elementor-spacer\">\n\t\t\t<div class=\"elementor-spacer-inner\"><\/div>\n\t\t<\/div>\n\t\t\t\t\t\t<\/div>\n\t\t\t\t\t<\/div>\n\t\t\t\t<\/div>\n\t\t<div class=\"elementor-element elementor-element-a71a192 e-flex e-con-boxed e-con e-parent\" data-id=\"a71a192\" data-element_type=\"container\" data-settings=\"{&quot;shape_divider_bottom&quot;:&quot;mountains&quot;}\">\n\t\t\t\t\t<div class=\"e-con-inner\">\n\t\t\t\t<div class=\"elementor-shape elementor-shape-bottom\" aria-hidden=\"true\" data-negative=\"false\">\n\t\t\t<svg xmlns=\"http:\/\/www.w3.org\/2000\/svg\" viewBox=\"0 0 1000 100\" preserveAspectRatio=\"none\">\n\t<path class=\"elementor-shape-fill\" opacity=\"0.33\" d=\"M473,67.3c-203.9,88.3-263.1-34-320.3,0C66,119.1,0,59.7,0,59.7V0h1000v59.7 c0,0-62.1,26.1-94.9,29.3c-32.8,3.3-62.8-12.3-75.8-22.1C806,49.6,745.3,8.7,694.9,4.7S492.4,59,473,67.3z\"\/>\n\t<path class=\"elementor-shape-fill\" opacity=\"0.66\" d=\"M734,67.3c-45.5,0-77.2-23.2-129.1-39.1c-28.6-8.7-150.3-10.1-254,39.1 s-91.7-34.4-149.2,0C115.7,118.3,0,39.8,0,39.8V0h1000v36.5c0,0-28.2-18.5-92.1-18.5C810.2,18.1,775.7,67.3,734,67.3z\"\/>\n\t<path class=\"elementor-shape-fill\" d=\"M766.1,28.9c-200-57.5-266,65.5-395.1,19.5C242,1.8,242,5.4,184.8,20.6C128,35.8,132.3,44.9,89.9,52.5C28.6,63.7,0,0,0,0 h1000c0,0-9.9,40.9-83.6,48.1S829.6,47,766.1,28.9z\"\/>\n<\/svg>\t\t<\/div>\n\t\t<div class=\"elementor-element elementor-element-c2dea3d e-con-full e-flex e-con e-child\" data-id=\"c2dea3d\" data-element_type=\"container\">\n\t\t\t\t<div class=\"elementor-element elementor-element-4378a20 elementor-widget elementor-widget-text-editor\" data-id=\"4378a20\" data-element_type=\"widget\" data-widget_type=\"text-editor.default\">\n\t\t\t\t\t\t\t\t\t<p><span style=\"color: #000000;\"><strong>Agrupamento de Escolas Gon\u00e7alo Nunes Recebe Distin\u00e7\u00e3o de &#8220;Escola Solid\u00e1ria&#8221; da Liga Portuguesa Contra o Cancro<\/strong><\/span><\/p><p>\u00a0<\/p><p><span style=\"color: #000000;\">O Projeto de Educa\u00e7\u00e3o para a Sa\u00fade (PES) do Agrupamento de Escolas Gon\u00e7alo Nunes foi formalmente reconhecido pelo seu excecional envolvimento e dinamismo nas iniciativas propostas pela Liga Portuguesa Contra o Cancro (LPCC), no \u00e2mbito do Projeto &#8220;Liga-Te&#8221;.<\/span><\/p><p><span style=\"color: #000000;\">A distin\u00e7\u00e3o de &#8220;Escola Solid\u00e1ria&#8221; foi atribu\u00edda em reconhecimento pelo empenho demonstrado no projeto &#8220;Um La\u00e7o em Troca de um Pequeno Gesto&#8221;. Esta iniciativa, que decorreu durante o movimento &#8220;Outubro Rosa&#8221;, teve como objetivo sensibilizar a comunidade educativa para a preven\u00e7\u00e3o do cancro da mama, com a escola a abra\u00e7ar a miss\u00e3o e o desafio lan\u00e7ados pela LPCC.<\/span><\/p><p><span style=\"color: #000000;\">Como gesto simb\u00f3lico de gratid\u00e3o pelo trabalho e dedica\u00e7\u00e3o da escola, a Liga Portuguesa Contra o Cancro entregou dois simb\u00f3licos diplomas. Este gesto visa simbolizar o reconhecimento por tudo o que a comunidade escolar oferece, muitas vezes sem se aperceber do impacto positivo do seu contributo na luta contra o cancro.<\/span><\/p>\t\t\t\t\t\t\t\t<\/div>\n\t\t\t\t<\/div>\n\t\t<div class=\"elementor-element elementor-element-fc71fb3 e-con-full e-flex e-con e-child\" data-id=\"fc71fb3\" data-element_type=\"container\">\n\t\t<div class=\"elementor-element elementor-element-a3a8e33 e-con-full e-flex e-con e-child\" data-id=\"a3a8e33\" data-element_type=\"container\">\n\t\t\t\t<div class=\"elementor-element elementor-element-fa1ab91 elementor-widget elementor-widget-image\" data-id=\"fa1ab91\" data-element_type=\"widget\" data-widget_type=\"image.default\">\n\t\t\t\t\t\t\t\t\t\t\t\t\t\t\t<img fetchpriority=\"high\" decoding=\"async\" width=\"648\" height=\"457\" src=\"https:\/\/aegnunes.pt\/wp-content\/uploads\/2025\/12\/PES.jpg\" class=\"attachment-large size-large wp-image-1854\" alt=\"\" srcset=\"https:\/\/aegnunes.pt\/wp-content\/uploads\/2025\/12\/PES.jpg 648w, https:\/\/aegnunes.pt\/wp-content\/uploads\/2025\/12\/PES-300x212.jpg 300w\" sizes=\"(max-width: 648px) 100vw, 648px\" \/>\t\t\t\t\t\t\t\t\t\t\t\t\t\t\t<\/div>\n\t\t\t\t<div class=\"elementor-element elementor-element-e7237a1 elementor-widget elementor-widget-image\" data-id=\"e7237a1\" data-element_type=\"widget\" data-widget_type=\"image.default\">\n\t\t\t\t\t\t\t\t\t\t\t\t\t\t\t<img decoding=\"async\" width=\"800\" height=\"800\" src=\"https:\/\/aegnunes.pt\/wp-content\/uploads\/2025\/12\/Dia-do-Voluntariado-1024x1024.png\" class=\"attachment-large size-large wp-image-1857\" alt=\"\" srcset=\"https:\/\/aegnunes.pt\/wp-content\/uploads\/2025\/12\/Dia-do-Voluntariado-1024x1024.png 1024w, https:\/\/aegnunes.pt\/wp-content\/uploads\/2025\/12\/Dia-do-Voluntariado-300x300.png 300w, https:\/\/aegnunes.pt\/wp-content\/uploads\/2025\/12\/Dia-do-Voluntariado-150x150.png 150w, https:\/\/aegnunes.pt\/wp-content\/uploads\/2025\/12\/Dia-do-Voluntariado-768x768.png 768w, https:\/\/aegnunes.pt\/wp-content\/uploads\/2025\/12\/Dia-do-Voluntariado-1536x1536.png 1536w, https:\/\/aegnunes.pt\/wp-content\/uploads\/2025\/12\/Dia-do-Voluntariado-2048x2048.png 2048w\" sizes=\"(max-width: 800px) 100vw, 800px\" \/>\t\t\t\t\t\t\t\t\t\t\t\t\t\t\t<\/div>\n\t\t\t\t<\/div>\n\t\t\t\t<\/div>\n\t\t\t\t\t<\/div>\n\t\t\t\t<\/div>\n\t\t<div class=\"elementor-element elementor-element-8aa3cf4 e-flex e-con-boxed e-con e-parent\" data-id=\"8aa3cf4\" data-element_type=\"container\">\n\t\t\t\t\t<div class=\"e-con-inner\">\n\t\t\t\t<div class=\"elementor-element elementor-element-758393f elementor-widget elementor-widget-spacer\" data-id=\"758393f\" data-element_type=\"widget\" data-widget_type=\"spacer.default\">\n\t\t\t\t\t\t\t<div class=\"elementor-spacer\">\n\t\t\t<div class=\"elementor-spacer-inner\"><\/div>\n\t\t<\/div>\n\t\t\t\t\t\t<\/div>\n\t\t\t\t\t<\/div>\n\t\t\t\t<\/div>\n\t\t\t\t<\/div>\n\t\t","protected":false},"excerpt":{"rendered":"<p>Projeto de Educa\u00e7\u00e3o para a Sa\u00fade (PES) Agrupamento de Escolas Gon\u00e7alo Nunes Recebe Distin\u00e7\u00e3o de &#8220;Escola Solid\u00e1ria&#8221; da Liga Portuguesa Contra o Cancro \u00a0 O Projeto de Educa\u00e7\u00e3o para a Sa\u00fade (PES) do Agrupamento de Escolas Gon\u00e7alo Nunes foi formalmente reconhecido pelo seu excecional envolvimento e dinamismo nas iniciativas propostas pela Liga Portuguesa Contra o [&hellip;]<\/p>\n","protected":false},"author":1,"featured_media":0,"parent":0,"menu_order":0,"comment_status":"closed","ping_status":"closed","template":"","meta":{"footnotes":""},"class_list":["post-1855","page","type-page","status-publish","hentry"],"_links":{"self":[{"href":"https:\/\/aegnunes.pt\/index.php?rest_route=\/wp\/v2\/pages\/1855","targetHints":{"allow":["GET"]}}],"collection":[{"href":"https:\/\/aegnunes.pt\/index.php?rest_route=\/wp\/v2\/pages"}],"about":[{"href":"https:\/\/aegnunes.pt\/index.php?rest_route=\/wp\/v2\/types\/page"}],"author":[{"embeddable":true,"href":"https:\/\/aegnunes.pt\/index.php?rest_route=\/wp\/v2\/users\/1"}],"replies":[{"embeddable":true,"href":"https:\/\/aegnunes.pt\/index.php?rest_route=%2Fwp%2Fv2%2Fcomments&post=1855"}],"version-history":[{"count":4,"href":"https:\/\/aegnunes.pt\/index.php?rest_route=\/wp\/v2\/pages\/1855\/revisions"}],"predecessor-version":[{"id":1861,"href":"https:\/\/aegnunes.pt\/index.php?rest_route=\/wp\/v2\/pages\/1855\/revisions\/1861"}],"wp:attachment":[{"href":"https:\/\/aegnunes.pt\/index.php?rest_route=%2Fwp%2Fv2%2Fmedia&parent=1855"}],"curies":[{"name":"wp","href":"https:\/\/api.w.org\/{rel}","templated":true}]}}

Projeto de Educação para a Saúde (PES)

<div data-elementor-type="wp-page" data-elementor-id="1855" class="elementor elementor-1855" data-elementor-post-type="page">
				<div class="elementor-element elementor-element-f777987 e-flex e-con-boxed e-con e-parent" data-id="f777987" data-element_type="container">
					<div class="e-con-inner">
				<div class="elementor-element elementor-element-b84402e elementor-widget elementor-widget-heading" data-id="b84402e" data-element_type="widget" data-widget_type="heading.default">
					<h2 class="elementor-heading-title elementor-size-default">Projeto de Educação para a Saúde (PES)</h2>				</div>
				<div class="elementor-element elementor-element-8da0e58 elementor-widget elementor-widget-spacer" data-id="8da0e58" data-element_type="widget" data-widget_type="spacer.default">
							<div class="elementor-spacer">
			<div class="elementor-spacer-inner"></div>
		</div>
						</div>
					</div>
				</div>
		<div class="elementor-element elementor-element-a71a192 e-flex e-con-boxed e-con e-parent" data-id="a71a192" data-element_type="container" data-settings="{&quot;shape_divider_bottom&quot;:&quot;mountains&quot;}">
					<div class="e-con-inner">
				<div class="elementor-shape elementor-shape-bottom" aria-hidden="true" data-negative="false">
			<svg xmlns="http://www.w3.org/2000/svg" viewBox="0 0 1000 100" preserveAspectRatio="none">
	<path class="elementor-shape-fill" opacity="0.33" d="M473,67.3c-203.9,88.3-263.1-34-320.3,0C66,119.1,0,59.7,0,59.7V0h1000v59.7 c0,0-62.1,26.1-94.9,29.3c-32.8,3.3-62.8-12.3-75.8-22.1C806,49.6,745.3,8.7,694.9,4.7S492.4,59,473,67.3z"/>
	<path class="elementor-shape-fill" opacity="0.66" d="M734,67.3c-45.5,0-77.2-23.2-129.1-39.1c-28.6-8.7-150.3-10.1-254,39.1 s-91.7-34.4-149.2,0C115.7,118.3,0,39.8,0,39.8V0h1000v36.5c0,0-28.2-18.5-92.1-18.5C810.2,18.1,775.7,67.3,734,67.3z"/>
	<path class="elementor-shape-fill" d="M766.1,28.9c-200-57.5-266,65.5-395.1,19.5C242,1.8,242,5.4,184.8,20.6C128,35.8,132.3,44.9,89.9,52.5C28.6,63.7,0,0,0,0 h1000c0,0-9.9,40.9-83.6,48.1S829.6,47,766.1,28.9z"/>
</svg>		</div>
		<div class="elementor-element elementor-element-c2dea3d e-con-full e-flex e-con e-child" data-id="c2dea3d" data-element_type="container">
				<div class="elementor-element elementor-element-4378a20 elementor-widget elementor-widget-text-editor" data-id="4378a20" data-element_type="widget" data-widget_type="text-editor.default">
									<p><span style="color: #000000;"><strong>Agrupamento de Escolas Gonçalo Nunes Recebe Distinção de &#8220;Escola Solidária&#8221; da Liga Portuguesa Contra o Cancro</strong></span></p><p> </p><p><span style="color: #000000;">O Projeto de Educação para a Saúde (PES) do Agrupamento de Escolas Gonçalo Nunes foi formalmente reconhecido pelo seu excecional envolvimento e dinamismo nas iniciativas propostas pela Liga Portuguesa Contra o Cancro (LPCC), no âmbito do Projeto &#8220;Liga-Te&#8221;.</span></p><p><span style="color: #000000;">A distinção de &#8220;Escola Solidária&#8221; foi atribuída em reconhecimento pelo empenho demonstrado no projeto &#8220;Um Laço em Troca de um Pequeno Gesto&#8221;. Esta iniciativa, que decorreu durante o movimento &#8220;Outubro Rosa&#8221;, teve como objetivo sensibilizar a comunidade educativa para a prevenção do cancro da mama, com a escola a abraçar a missão e o desafio lançados pela LPCC.</span></p><p><span style="color: #000000;">Como gesto simbólico de gratidão pelo trabalho e dedicação da escola, a Liga Portuguesa Contra o Cancro entregou dois simbólicos diplomas. Este gesto visa simbolizar o reconhecimento por tudo o que a comunidade escolar oferece, muitas vezes sem se aperceber do impacto positivo do seu contributo na luta contra o cancro.</span></p>								</div>
				</div>
		<div class="elementor-element elementor-element-fc71fb3 e-con-full e-flex e-con e-child" data-id="fc71fb3" data-element_type="container">
		<div class="elementor-element elementor-element-a3a8e33 e-con-full e-flex e-con e-child" data-id="a3a8e33" data-element_type="container">
				<div class="elementor-element elementor-element-fa1ab91 elementor-widget elementor-widget-image" data-id="fa1ab91" data-element_type="widget" data-widget_type="image.default">
															<img fetchpriority="high" decoding="async" width="648" height="457" src="https://aegnunes.pt/wp-content/uploads/2025/12/PES.jpg" class="attachment-large size-large wp-image-1854" alt="" srcset="https://aegnunes.pt/wp-content/uploads/2025/12/PES.jpg 648w, https://aegnunes.pt/wp-content/uploads/2025/12/PES-300x212.jpg 300w" sizes="(max-width: 648px) 100vw, 648px" />															</div>
				<div class="elementor-element elementor-element-e7237a1 elementor-widget elementor-widget-image" data-id="e7237a1" data-element_type="widget" data-widget_type="image.default">
															<img decoding="async" width="800" height="800" src="https://aegnunes.pt/wp-content/uploads/2025/12/Dia-do-Voluntariado-1024x1024.png" class="attachment-large size-large wp-image-1857" alt="" srcset="https://aegnunes.pt/wp-content/uploads/2025/12/Dia-do-Voluntariado-1024x1024.png 1024w, https://aegnunes.pt/wp-content/uploads/2025/12/Dia-do-Voluntariado-300x300.png 300w, https://aegnunes.pt/wp-content/uploads/2025/12/Dia-do-Voluntariado-150x150.png 150w, https://aegnunes.pt/wp-content/uploads/2025/12/Dia-do-Voluntariado-768x768.png 768w, https://aegnunes.pt/wp-content/uploads/2025/12/Dia-do-Voluntariado-1536x1536.png 1536w, https://aegnunes.pt/wp-content/uploads/2025/12/Dia-do-Voluntariado-2048x2048.png 2048w" sizes="(max-width: 800px) 100vw, 800px" />															</div>
				</div>
				</div>
					</div>
				</div>
		<div class="elementor-element elementor-element-8aa3cf4 e-flex e-con-boxed e-con e-parent" data-id="8aa3cf4" data-element_type="container">
					<div class="e-con-inner">
				<div class="elementor-element elementor-element-758393f elementor-widget elementor-widget-spacer" data-id="758393f" data-element_type="widget" data-widget_type="spacer.default">
							<div class="elementor-spacer">
			<div class="elementor-spacer-inner"></div>
		</div>
						</div>
					</div>
				</div>
				</div>

<p>Projeto de Educação para a Saúde (PES) Agrupamento de Escolas Gonçalo Nunes Recebe Distinção de &#8220;Escola Solidária&#8221; da Liga Portuguesa Contra o Cancro   O Projeto de Educação para a Saúde (PES) do Agrupamento de Escolas Gonçalo Nunes foi formalmente reconhecido pelo seu excecional envolvimento e dinamismo nas iniciativas propostas pela Liga Portuguesa Contra o [&hellip;]</p>
